{"id":24,"date":"2025-05-22T18:53:44","date_gmt":"2025-05-22T16:53:44","guid":{"rendered":"https:\/\/nicolaslabro2.wordpress.com\/?page_id=24"},"modified":"2025-05-22T18:53:44","modified_gmt":"2025-05-22T16:53:44","slug":"cmi","status":"publish","type":"page","link":"https:\/\/labroassurances.fr\/index.php\/cmi\/","title":{"rendered":"CMI"},"content":{"rendered":"\n<div class=\"wp-block-columns alignwide is-layout-flex wp-container-core-columns-is-layout-2a3163d7 wp-block-columns-is-layout-flex\" style=\"border-style:none;border-width:0px;margin-top:0;margin-bottom:0;padding-top:0;padding-bottom:0\">\n<div class=\"wp-block-column is-layout-constrained wp-container-core-column-is-layout-1d6f4e6b wp-block-column-is-layout-constrained\">\n<p class=\"has-large-font-size\"><strong>Garanties financi\u00e8res<\/strong><\/p>\n\n\n\n<p class=\"has-medium-font-size\"><strong>Garantie de remboursement d&rsquo;acompte<\/strong><\/p>\n\n\n\n<p class=\"has-text-align-left\"><strong>La<\/strong>&nbsp;<strong>garantie de remboursement d\u2019acompte<\/strong>&nbsp;est une&nbsp;garantie financi\u00e8re&nbsp;fournie par une compagnie d&rsquo;assurance qui s\u2019engage \u00e0&nbsp;<strong>rembourser les sommes vers\u00e9es<\/strong> par le client au constructeur&nbsp;si le contrat ne peut pas \u00eatre ex\u00e9cut\u00e9.(notamment en cas de d\u00e9faillance du constructeur).<\/p>\n\n\n\n<p><\/p>\n\n\n\n<p class=\"has-medium-font-size\"><strong>Garantie de livraison \u00e0 prix et d\u00e9lai convenu<\/strong><\/p>\n\n\n\n<p><strong>La<\/strong>&nbsp;<strong>garantie de livraison \u00e0 prix et d\u00e9lai convenus<\/strong>&nbsp;est une&nbsp;garantie obligatoire&nbsp;dans le cadre d\u2019un CCMI. Elle engage un&nbsp;garant&nbsp;(souvent une compagnie d\u2019assurance) \u00e0 assurer en cas de d\u00e9faillance du Constructeur (Faillite, abandon de chantier) :<\/p>\n\n\n\n<ul class=\"wp-block-list\">\n<li><strong>L\u2019ach\u00e8vement des travaux<\/strong>&nbsp;de la maison<\/li>\n<\/ul>\n\n\n\n<ul class=\"wp-block-list\">\n<li><strong>Le respect du prix convenu<\/strong>&nbsp;au contrat (hors travaux r\u00e9serv\u00e9s \u00e0 la charge du Ma\u00eetre d&rsquo;ouvrage), ou \u00e0 d\u00e9faut, la prise en charge des <strong>d\u00e9passements<\/strong>.<\/li>\n<\/ul>\n\n\n\n<ul class=\"wp-block-list\">\n<li><strong>Le respect du d\u00e9lai de livraison<\/strong>&nbsp;pr\u00e9vu dans le contrat, ou \u00e0 d\u00e9faut, la prise en charge des&nbsp;<strong>p\u00e9nalit\u00e9s de retard<\/strong>.<\/li>\n<\/ul>\n\n\n\n<p><\/p>\n\n\n\n<p class=\"has-medium-font-size\"><strong>Garantie de paiement des sous-traitants<\/strong><\/p>\n\n\n\n<p>La&nbsp;<strong>garantie de paiement des sous-traitants<\/strong>&nbsp;est une <strong>garantie l\u00e9gale<\/strong>&nbsp;destin\u00e9e \u00e0 assurer que les&nbsp;<strong>sous-traitants d\u2019un march\u00e9 de travaux<\/strong>&nbsp;seront effectivement&nbsp;<strong>pay\u00e9s<\/strong>&nbsp;par l\u2019entreprise principale, m\u00eame en cas de d\u00e9faillance de cette derni\u00e8re.<\/p>\n<\/div>\n\n\n\n<div class=\"wp-block-column is-layout-constrained wp-container-core-column-is-layout-1d6f4e6b wp-block-column-is-layout-constrained\">\n<p class=\"has-large-font-size\"><strong>Assurances techniques<\/strong><\/p>\n\n\n\n<p class=\"has-medium-font-size\"><strong>Dommages ouvrage<\/strong><\/p>\n\n\n\n<p>L\u2019<strong>assurance dommages-ouvrage<\/strong>&nbsp;(souvent appel\u00e9e \u00ab DO \u00bb) est une&nbsp;assurance obligatoire&nbsp;qui a pour objectif de&nbsp;<strong>pr\u00e9financer rapidement<\/strong>&nbsp;les&nbsp;<strong>r\u00e9parations des dommages <\/strong>affectant une construction,&nbsp;<strong>sans attendre la d\u00e9signation des responsabilit\u00e9s <\/strong>des diff\u00e9rentes entreprises. Cette assurance a une <strong>validit\u00e9 de<\/strong> <strong>10 ans \u00e0 compter de la r\u00e9ception des travaux.<\/strong><\/p>\n\n\n\n<p><\/p>\n\n\n\n<p class=\"has-medium-font-size\"><strong>Responsabilit\u00e9 civile d\u00e9cennale<\/strong><\/p>\n\n\n\n<p>L<strong>&lsquo;assurance de responsabilit\u00e9 civile d\u00e9cennale<\/strong>\u00a0est une\u00a0assurance obligatoire\u00a0qui couvre, pendant\u00a0<strong>10 ans \u00e0 compter de la r\u00e9ception des travaux<\/strong>, la\u00a0<strong>responsabilit\u00e9 des constructeurs<\/strong>\u00a0en cas de\u00a0<strong>dommages graves<\/strong>\u00a0affectant un ouvrage.<\/p>\n\n\n\n<p><\/p>\n\n\n\n<p class=\"has-medium-font-size\"><strong>Tous risques chantier<\/strong><\/p>\n\n\n\n<p>L\u2019<strong>assurance tous risques chantier (TRC)<\/strong>&nbsp;est une assurance temporaire souscrite pour la dur\u00e9e d\u2019un chantier de construction. Elle couvre les dommages mat\u00e9riels qui peuvent survenir pendant les travaux, que ces dommages soient caus\u00e9s par une erreur humaine, un \u00e9v\u00e9nement accidentel ou une cause naturelle.<\/p>\n\n\n\n<p><\/p>\n\n\n\n<p class=\"has-medium-font-size\"><strong>Responsabilit\u00e9 civile et professionnelle<\/strong><\/p>\n\n\n\n<p>La&nbsp;<strong>RC professionnelle<\/strong>&nbsp;couvre les&nbsp;<strong>dommages caus\u00e9s \u00e0 des tiers (clients, fournisseurs, etc.) <\/strong>lorsque votre responsabilit\u00e9 est engag\u00e9e.<\/p>\n\n\n\n<p><\/p>\n<\/div>\n<\/div>\n\n\n\n<p><\/p>\n\n\n\n<p class=\"has-medium-font-size\"><\/p>\n","protected":false},"excerpt":{"rendered":"<p>Garanties financi\u00e8res Garantie de remboursement d&rsquo;acompte La&nbsp;garantie de remboursement d\u2019acompte&nbsp;est une&nbsp;garantie financi\u00e8re&nbsp;fournie par une compagnie d&rsquo;assurance qui s\u2019engage \u00e0&nbsp;rembourser les sommes vers\u00e9es par le client au constructeur&nbsp;si le contrat ne peut pas \u00eatre ex\u00e9cut\u00e9.(notamment en cas de d\u00e9faillance du constructeur). Garantie de livraison \u00e0 prix et d\u00e9lai convenu La&nbsp;garantie de livraison \u00e0 prix et d\u00e9lai&#8230;<\/p>\n","protected":false},"author":1,"featured_media":9,"parent":0,"menu_order":0,"comment_status":"closed","ping_status":"closed","template":"","meta":{"_kad_post_transparent":"","_kad_post_title":"","_kad_post_layout":"","_kad_post_sidebar_id":"","_kad_post_content_style":"","_kad_post_vertical_padding":"","_kad_post_feature":"","_kad_post_feature_position":"","_kad_post_header":false,"_kad_post_footer":false,"footnotes":""},"class_list":["post-24","page","type-page","status-publish","has-post-thumbnail","hentry"],"_links":{"self":[{"href":"https:\/\/labroassurances.fr\/index.php\/wp-json\/wp\/v2\/pages\/24","targetHints":{"allow":["GET"]}}],"collection":[{"href":"https:\/\/labroassurances.fr\/index.php\/wp-json\/wp\/v2\/pages"}],"about":[{"href":"https:\/\/labroassurances.fr\/index.php\/wp-json\/wp\/v2\/types\/page"}],"author":[{"embeddable":true,"href":"https:\/\/labroassurances.fr\/index.php\/wp-json\/wp\/v2\/users\/1"}],"replies":[{"embeddable":true,"href":"https:\/\/labroassurances.fr\/index.php\/wp-json\/wp\/v2\/comments?post=24"}],"version-history":[{"count":0,"href":"https:\/\/labroassurances.fr\/index.php\/wp-json\/wp\/v2\/pages\/24\/revisions"}],"wp:featuredmedia":[{"embeddable":true,"href":"https:\/\/labroassurances.fr\/index.php\/wp-json\/wp\/v2\/media\/9"}],"wp:attachment":[{"href":"https:\/\/labroassurances.fr\/index.php\/wp-json\/wp\/v2\/media?parent=24"}],"curies":[{"name":"wp","href":"https:\/\/api.w.org\/{rel}","templated":true}]}}